et g(v) be the third derivative of -1/60*v**5 + 0*v + 28*v**2 + v**3 + 7/24*v**4 + 0. Give g(8).
-2
Let o(z) = -5*z**2 + z. Let k be 1/((5/5)/(-1)). Give o(k).
-6
Let o = 20 - 13. Let m(u) = -10*u + 7. Let r(z) be the first derivative of -9*z**2/2 + 6*z + 2. Let i(c) = o*r(c) - 6*m(c). Determine i(4).
-12
Let c(d) = -d**2 - 4*d + 3. Let b(l) = l**3 - 5*l**2 - 7*l + 3. Let j be b(6). Determine c(j).
6
Let j(c) = -c**2 + 3*c - 2. Suppose -2*h - 4*w = -40, 0*w + 2 = 2*w. Suppose 0*a + 6*a - h = 0. Determine j(a).
-2
Let f(z) = z**3 + z. Let n(h) be the first derivative of -5*h**4/4 - h**3 - 11*h**2/2 - 2*h + 1. Let i(y) = -6*f(y) - n(y). Determine i(4).
6
Suppose 0 = -4*p - 3*x + 1, -6*p = -p + 3*x - 2. Suppose -4 + 0 = -2*u. Let k(v) = 15*v + 17*v - v**2 + 2*v**u - 33*v. Calculate k(p).
0
Suppose -r - 3*m + 5*m = -4, -m + 8 = 2*r. Let a(q) = -q**2 + 3*q + 5. Calculate a(r).
1
Let q = -34 + 36. Let u be (-2 - -2) + q + (-9 - -7). Let r(j) = -j**3 - j**2 - j + 6. What is r(u)?
6
Let d be (-10)/15*(-8)/(16/6). Let i(j) be the second derivative of 1/2*j**3 + 3*j + 0 + j**d. Give i(-2).
-4
Suppose 2*i - 2*r + 10 = 0, -i - 23 + 26 = 3*r. Let w(l) = -17*l - 9. Calculate w(i).
42
Let u(j) = j**3 + j - 2. Let s(c) = c**3 - 3*c**2 + c - 7. Let y(i) = -s(i) + 2*u(i). Give y(-4).
-17
Let j(b) = -b**2 + 3*b - 3. Suppose x = -4*q, -3*x - 3*q + 4*q = 0. Let h be (x - -11) + -20 + 20. Let f(k) = -k**2 + 10*k + 14. Let n be f(h). What is j(n)?
-3
Let c(a) = -81*a + 248. Let d be c(3). Let u(z) = z - 5. Give u(d).
0
Let r(v) = -v**2 - 15*v - 5. Let z = 799 + -809. What is r(z)?
45
Let t(d) be the first derivative of 15*d**2/2 - 121. Determine t(-1).
-15
Let t(i) = -i**3 + 11*i**2 + 28*i - 27. Let a be t(13). Let o(x) = 2*x**3 - x**2 + 1. Give o(a).
-2
Let w(i) = 5*i + 4. Let c(p) be the second derivative of p**3/6 + p**2/2 + p. Let t = -272 + 266. Let m(v) = t*c(v) + w(v). Determine m(-3).
1
Suppose 4*q - 16 = -4. Let t be q + (0 - -1)/((-7)/28). Let d(f) = 2 - 3*f**3 - 2 + f. Determine d(t).
2
Let o(b) = b - 5. Let d = 21 + -11. Suppose -d + 2 = -2*v. Let y be o(v). Let r(z) = 5*z - 1. Give r(y).
-6
Let w(s) be the second derivative of s**3 - 9*s**2/2 - 219*s. Calculate w(7).
33
Suppose 5*j + 0*j = -4*t + 78, -j = -3*t + 49. Let a(m) = -t*m + m**2 + 6 + 22*m + 0*m**2. Calculate a(-5).
6
Let m(p) be the second derivative of -p**5/20 + 7*p**4/12 - 7*p**3/6 + 3*p**2/2 - 15*p. What is m(5)?
18
Let z(j) = -j**3 - 11*j**2 - j - 6. Let o(a) = -a**3 - 12*a**2 - 2*a - 6. Let c = 1 + -7. Let q(w) = c*o(w) + 7*z(w). Give q(-6).
0
Let x(o) = o - 4. Let z be x(7). Suppose z*d = -d + 12. Suppose -f + g + 8 = 3*f, -f - 11 = d*g. Let y(v) = -v. Give y(f).
-1
Let y(i) = i**3 + 2*i**2 - 2*i + 3. Suppose -9*u + 8 = 35. Determine y(u).
0
Let r(p) = -p + 7. Let f(w) = w - 10. Let c(j) = -3*j**2 + 4*j - 1. Let o be c(2). Let g(q) = o*f(q) - 7*r(q). What is g(-2)?
-3
Let x(d) = -d + 3. Suppose 0 = -3*n - 3*t, 0 = -3*n - 2*t - 0*t + 2. Suppose -n*i - 2 = -2*u, -3*i - 4*u = -i - 22. Determine x(i).
0
Let d(y) = -3*y - 22. Let o be d(-12). Let j(z) = -6 - 9 + o - 6*z + 0*z. Calculate j(-1).
5
Let g(s) = s**2 + 8*s + 5. Suppose 4*h - 6 = 3*q + 2*q, -3*h + 12 = 0. Suppose 3 = 3*c, c - 19 = -4*y - q*c. Suppose -y*p - 30 = 2*p. Give g(p).
-10
Let u(a) = 1 + 0 + 4*a + 0 - a**2. Suppose -36823 = 12*y - 36871. Give u(y).
1
Let r(q) be the first derivative of -q**5/20 + 5*q**4/6 - 11*q**3/6 + 5*q**2 - 6*q - 35. Let g(k) be the first derivative of r(k). Calculate g(9).
-8
Let t(s) = s - 1. Let z be (1 + -1)/(-10 + 8). Suppose 23 = 3*w + 2*u, -2*w - 3*w + 2*u + 17 = z. Calculate t(w).
4
Let p(k) = -2*k - 6. Let w(d) = d + 4. Let r(l) = -3*p(l) - 5*w(l). Let i(o) = -o**2 - 6*o + 1. Let b be i(-6). Let j be (-4 + 0 - b)*-1. Determine r(j).
3
Let o(f) = -56*f + 784. Let c be o(14). Let w(m) = -m**3 + 3*m**2 + 3*m + 2. Let h(d) = -d**3 + 2*d**2 + 2*d + 3. Let n(v) = -3*h(v) + 2*w(v). What is n(c)?
-5
Suppose 0 = 3*n + 15, -5*z + n = -n - 20. Let y(f) = 4*f**2 + z - 5*f**2 + 7 + f - 3. Let t(o) = 3*o + 6. Let w be t(-2). Determine y(w).
6
Suppose 10*s + 12 = 12*s. Let a be s/(((-6)/4)/(-1)). Let z(t) = -2*t - 1. Let o(l) = l + 1. Let w(x) = -o(x) - z(x). Give w(a).
4
Let q(l) = -l**2 - 1. Let b = 65 - 63. Let i(y) = -y**2 - y + 1. Let h(k) = b*i(k) + q(k). Give h(1).
-4
Let o(d) = -d**3 - 2*d**2 + 2*d + 3. Let h = 505 + -508. Calculate o(h).
6
Let c(u) = 6 - 25*u**2 + 7*u**2 + 6*u + 17*u**2. What is c(6)?
6
Let d(v) be the first derivative of 6 - 1/6*v**3 + v**2 + 3*v. Let f(x) be the first derivative of d(x). What is f(-2)?
4
Let d(j) = j**2 - j + 3. Suppose -w + 51 = 3*z, -z + 0*z = 4*w - 28. Let l be z/28 + (-8)/14. Determine d(l).
3
Let w(k) be the third derivative of k**6/720 - k**5/120 + 13*k**4/24 + 11*k**2. Let l(a) be the second derivative of w(a). Give l(2).
1
Let h(o) = -o**3 - 5*o**2 + 3*o - 1. Let t(p) = -p**2 + p + 6. Let g be t(-3). Let v(j) = j**2 + 9*j + 13. Let l be v(g). Give h(l).
-16
Let b = 178 - 185. Let c(t) = -t**2 - 4*t + 8. Give c(b).
-13
Let y(t) be the third derivative of -1/120*t**6 - 2/3*t**3 + 1/10*t**5 + 0 + 0*t + 1/3*t**4 - 13*t**2. Determine y(7).
3
Let y(l) = 2*l + 3*l + 5 - 3. What is y(-2)?
-8
Suppose -3*m - f - 9 - 3 = 0, -4*f = -5*m - 20. Let k = -19 - m. Let q = -11 - k. Let a(g) = -g**2 + g + 5. Calculate a(q).
-7
Suppose 0 = -15*q - 55*q + 15*q. Let v = 6 + -4. Suppose -u - 3*a + 5*a = 1, q = v*u - 5*a. Let t(b) = -b**2 - 3*b + 1. What is t(u)?
-9
Let x be 2 + 5 + (-3 - (-4 + 4)). Let i(r) = r**2 - 5*r - 1. What is i(x)?
-5
Let h(x) = -x**2 + 1. Let y(m) = 10*m**2 - 5*m - 8. Let k(q) = q**2. Let r(v) = -5*k(v) + y(v). Let s(g) = 4*h(g) + r(g). Suppose -7*p - 52 + 73 = 0. Give s(p).
-10
Suppose 8*m = 19*m - 88. Let r(p) = p**3 - 8*p**2 - 7. What is r(m)?
-7
Let d = 22 - 16. Let l(m) = -m + 41. Let t(u) = 4*u - 132. Let v(j) = 16*l(j) + 5*t(j). Determine v(d).
20
Let f(u) be the first derivative of u**4/4 + 5*u**3/3 + u**2/2 + 7*u - 2. Let m = 17 - 14. Suppose -4*c - 4*s = 36, -4*s = -m*s + 4. Give f(c).
2
Let v(k) = -k**2 + 5*k. Let h be v(3). Suppose -3 = t, -g + h*g = -2*t - 21. Let r(d) = -3*d. Calculate r(g).
9
Let f(b) = -b + 127 + 115 - 239. Let n(t) be the third derivative of t**5/60 - t**4/24 + t**3 + t**2. Let l be n(0). Give f(l).
-3
Let t(h) be the third derivative of 0 + 1/30*h**5 - 22*h**2 - 3/20*h**6 + 0*h + 1/6*h**3 + 1/12*h**4. What is t(-1)?
19
Suppose 2*p - 3*r + 449 = 7*p, 4*p - r = 349. Let i = p - 82. Let k(v) = 2*v - 4. Give k(i).
8
Let g(z) = z**2 + z - 1. Let p = -942 + 944. What is g(p)?
5
Let w(c) be the third derivative of c**6/360 + c**3/2 - 4*c**2. Let z(d) be the first derivative of w(d). Give z(1).
1
Let x(v) be the third derivative of -v**6/120 + v**5/20 - v**4/8 + v**3 - 8*v**2 + 3*v. Determine x(4).
-22
Let w(f) = -13*f + 1. Suppose -7*k + 3*k = -140. Let g = k - 34. What is w(g)?
-12
Let g(z) = -17*z**2 - 5*z + 1. Let m(d) = -93*d**2 - 23*d + 5. Let w(n) = -11*g(n) + 2*m(n). Let s be 10/(-1) - 2*-1. Give w(s).
-9
Let v(w) = 2 + 3*w + 7*w + 3*w - 14 - 16*w. What is v(-5)?
3
Let r(t) be the third derivative of -t**6/120 + t**5/12 + t**4/24 + t**3/3 + 103*t**2. What is r(5)?
7
Let c(a) = 22*a**2 - 22*a - 43. Let p(x) = -7*x**2 + 7*x + 14. Let g(h) = 6*c(h) + 19*p(h). Calculate g(-4).
-12
Let l be (-260)/(-16) - 1/4. Let s be (20/8 + 2)/((-6)/l). Let m(w) = -w - 7. What is m(s)?
5
Let o = 23 - 14. Let z(r) = 2 + r - o*r**3 - 9 + 7. Let k = -15 + 16. Calculate z(k).
-8
Let z(t) be the first derivative of 2*t + 7/2*t**2 - 1/3*t**3 - 2. Calculate z(6).
8
Let c(o) = -67*o - 6. Let k(j) = -14*j - 1. Let u(s) = -c(s) + 5*k(s). Suppose 0 = 5*t + 6 + 9. Give u(t).
10
Let j(a) be the second derivative of -a**4/6 - 4*a**3/3 + a**2 - 2*a + 4. What is j(-7)?
-40
Let h = 261 + -256. Let t(v) = v**2 - 5*v + 7. What is t(h)?
7
Let q = -18 + 8. Let a(w) = w**3 + 9*w**2 - 10*w + 13. Calculate a(q).
13
Let z(o) = -4*o - 85. Let p be z(-17). Suppose 5*u - 2*l = 2*l - 54, -4*l - 86 = 5*u. Let b = p - u. Let j(m) = -m**3 - 3*m**2 + 3*m + 2. Determine j(b).
-7
Let p be (-1)/(-3*5/(-45)). Let n be (2/3*p)/(1/4). Let q(g) = -g**2 - 10*g. Determine q(n).
16
Let s(n) = -n**2 - 7*n + 4. Let j = -86 - -129. Let q(i) = 20*i**2 + i - j*i**2 - i**3 + 14*i*